{"id":1137,"date":"2017-10-17T14:25:53","date_gmt":"2017-10-17T14:25:53","guid":{"rendered":"https:\/\/www.sz-goeggingen.de\/?page_id=1137"},"modified":"2024-05-29T11:11:26","modified_gmt":"2024-05-29T11:11:26","slug":"aktuelle-berichte","status":"publish","type":"page","link":"https:\/\/www.sz-goeggingen.de\/?page_id=1137","title":{"rendered":"Aktuelle Berichte"},"content":{"rendered":"<p>[vc_row][vc_column][vc_column_text]Wie Sie unserem Veranstaltungskalender entnehmen k\u00f6nnen, bieten wir in unserer \u201eSeniorenzentrum G\u00f6ggingen\u201c \u00fcber das Jahr hinweg eine Vielzahl an Veranstaltungen an. Auf dieser Seite finden Sie Berichte \u00fcber unsere letzten Veranstaltungen, sodass Sie sich selbst ein Bild davon machen k\u00f6nnen. Unter dem Reiter \u201eBildergalerie\u201c finden Sie weitere Bilder zu den jeweiligen Veranstaltungen. Lassen Sie die Eindr\u00fccke auf sich wirken![\/vc_column_text][\/vc_column][\/vc_row][vc_row][vc_column][vc_empty_space][\/vc_column][\/vc_row][vc_row][vc_column]<div class=\"ind-title-wrap\"><h style=\"color: #aa305d;\" class=\"ind-title\">Veranstaltungsberichte<\/h><\/div>[\/vc_column][\/vc_row][vc_row][vc_column][vc_empty_space][\/vc_column][\/vc_row][vc_row][vc_column]<div class=\"projects-slider\"><div class=\"project-item\">\n\t\t\t\t\t\t<img width=\"360\" height=\"203\" src=\"https:\/\/www.sz-goeggingen.de\/wp-content\/uploads\/2025\/10\/IMG-20251024-WA0017-360x203.jpg\" class=\"attachment-industry-box-thumb size-industry-box-thumb wp-post-image\" alt=\"\" decoding=\"async\" loading=\"lazy\" \/>\n\t\t\t\t\t\t<div class=\"project-item-overlay animation\"><\/div>\n\t\t\t\t\t\t<div class=\"project-caption animation\">\n\t\t\t\t\t\t\t<h6 class=\"animation\">Herbstfest im Seniorenzentrum<\/h6>\n\t\t\t\t\t\t\t<a href=\"https:\/\/www.sz-goeggingen.de\/?project=herbstfest-im-seniorenzentrum\" class=\"btn\">ANSEHEN<\/a>\n\t\t\t\t\t\t<\/div>\n\t\t\t\t\t  <\/div><div class=\"project-item\">\n\t\t\t\t\t\t<img width=\"360\" height=\"203\" src=\"https:\/\/www.sz-goeggingen.de\/wp-content\/uploads\/2025\/10\/IMG_0782-360x203.jpg\" class=\"attachment-industry-box-thumb size-industry-box-thumb wp-post-image\" alt=\"\" decoding=\"async\" loading=\"lazy\" \/>\n\t\t\t\t\t\t<div class=\"project-item-overlay animation\"><\/div>\n\t\t\t\t\t\t<div class=\"project-caption animation\">\n\t\t\t\t\t\t\t<h6 class=\"animation\">Unser 3. Quartalsgeburtstag<\/h6>\n\t\t\t\t\t\t\t<a href=\"https:\/\/www.sz-goeggingen.de\/?project=unser-3-quartalsgeburtstag\" class=\"btn\">ANSEHEN<\/a>\n\t\t\t\t\t\t<\/div>\n\t\t\t\t\t  <\/div><div class=\"project-item\">\n\t\t\t\t\t\t<img width=\"360\" height=\"203\" src=\"https:\/\/www.sz-goeggingen.de\/wp-content\/uploads\/2025\/10\/IMG_0587-360x203.jpg\" class=\"attachment-industry-box-thumb size-industry-box-thumb wp-post-image\" alt=\"\" decoding=\"async\" loading=\"lazy\" \/>\n\t\t\t\t\t\t<div class=\"project-item-overlay animation\"><\/div>\n\t\t\t\t\t\t<div class=\"project-caption animation\">\n\t\t\t\t\t\t\t<h6 class=\"animation\">Ein Grund zu feiern<\/h6>\n\t\t\t\t\t\t\t<a href=\"https:\/\/www.sz-goeggingen.de\/?project=ein-grund-zu-feiern\" class=\"btn\">ANSEHEN<\/a>\n\t\t\t\t\t\t<\/div>\n\t\t\t\t\t  <\/div><div class=\"project-item\">\n\t\t\t\t\t\t<img width=\"360\" height=\"203\" src=\"https:\/\/www.sz-goeggingen.de\/wp-content\/uploads\/2025\/07\/Sommerfest8-360x203.jpg\" class=\"attachment-industry-box-thumb size-industry-box-thumb wp-post-image\" alt=\"\" decoding=\"async\" loading=\"lazy\" srcset=\"https:\/\/www.sz-goeggingen.de\/wp-content\/uploads\/2025\/07\/Sommerfest8-360x203.jpg 360w, https:\/\/www.sz-goeggingen.de\/wp-content\/uploads\/2025\/07\/Sommerfest8-300x169.jpg 300w, https:\/\/www.sz-goeggingen.de\/wp-content\/uploads\/2025\/07\/Sommerfest8-409x230.jpg 409w, https:\/\/www.sz-goeggingen.de\/wp-content\/uploads\/2025\/07\/Sommerfest8-555x312.jpg 555w, https:\/\/www.sz-goeggingen.de\/wp-content\/uploads\/2025\/07\/Sommerfest8-471x265.jpg 471w, https:\/\/www.sz-goeggingen.de\/wp-content\/uploads\/2025\/07\/Sommerfest8.jpg 640w\" sizes=\"(max-width: 360px) 100vw, 360px\" \/>\n\t\t\t\t\t\t<div class=\"project-item-overlay animation\"><\/div>\n\t\t\t\t\t\t<div class=\"project-caption animation\">\n\t\t\t\t\t\t\t<h6 class=\"animation\">Sommerfest 2025 im Seniorenzentrum<\/h6>\n\t\t\t\t\t\t\t<a href=\"https:\/\/www.sz-goeggingen.de\/?project=sommerfest-2025-im-seniorenzentrum\" class=\"btn\">ANSEHEN<\/a>\n\t\t\t\t\t\t<\/div>\n\t\t\t\t\t  <\/div><div class=\"project-item\">\n\t\t\t\t\t\t<img width=\"360\" height=\"203\" src=\"https:\/\/www.sz-goeggingen.de\/wp-content\/uploads\/2025\/07\/Kindergarten-360x203.jpeg\" class=\"attachment-industry-box-thumb size-industry-box-thumb wp-post-image\" alt=\"\" decoding=\"async\" loading=\"lazy\" \/>\n\t\t\t\t\t\t<div class=\"project-item-overlay animation\"><\/div>\n\t\t\t\t\t\t<div class=\"project-caption animation\">\n\t\t\t\t\t\t\t<h6 class=\"animation\">G\u00f6gginger Kindergarten besucht unser Seniorenzentrum<\/h6>\n\t\t\t\t\t\t\t<a href=\"https:\/\/www.sz-goeggingen.de\/?project=goegginger-kindergarten-besucht-unser-seniorenzentrum\" class=\"btn\">ANSEHEN<\/a>\n\t\t\t\t\t\t<\/div>\n\t\t\t\t\t  <\/div><div class=\"project-item\">\n\t\t\t\t\t\t<img width=\"360\" height=\"203\" src=\"https:\/\/www.sz-goeggingen.de\/wp-content\/uploads\/2025\/07\/IMG_9381-360x203.jpg\" class=\"attachment-industry-box-thumb size-industry-box-thumb wp-post-image\" alt=\"\" decoding=\"async\" loading=\"lazy\" \/>\n\t\t\t\t\t\t<div class=\"project-item-overlay animation\"><\/div>\n\t\t\t\t\t\t<div class=\"project-caption animation\">\n\t\t\t\t\t\t\t<h6 class=\"animation\">Wir feiern unseren zweiten Quartalsgeburtstag 2025<\/h6>\n\t\t\t\t\t\t\t<a href=\"https:\/\/www.sz-goeggingen.de\/?project=wir-feiern-unseren-zweiten-quartalsgeburtstag\" class=\"btn\">ANSEHEN<\/a>\n\t\t\t\t\t\t<\/div>\n\t\t\t\t\t  <\/div><div class=\"project-item\">\n\t\t\t\t\t\t<img width=\"360\" height=\"203\" src=\"https:\/\/www.sz-goeggingen.de\/wp-content\/uploads\/2025\/07\/IMG_9432-360x203.jpg\" class=\"attachment-industry-box-thumb size-industry-box-thumb wp-post-image\" alt=\"\" decoding=\"async\" loading=\"lazy\" \/>\n\t\t\t\t\t\t<div class=\"project-item-overlay animation\"><\/div>\n\t\t\t\t\t\t<div class=\"project-caption animation\">\n\t\t\t\t\t\t\t<h6 class=\"animation\">Wir sorgen f\u00fcr Erfrischung an hei\u00dfen Tagen<\/h6>\n\t\t\t\t\t\t\t<a href=\"https:\/\/www.sz-goeggingen.de\/?project=heisse-tage-wir-sorgen-fuer-eine-erfrischung\" class=\"btn\">ANSEHEN<\/a>\n\t\t\t\t\t\t<\/div>\n\t\t\t\t\t  <\/div><div class=\"project-item\">\n\t\t\t\t\t\t<img width=\"360\" height=\"203\" src=\"https:\/\/www.sz-goeggingen.de\/wp-content\/uploads\/2025\/04\/Quartalsgeburtstag4-360x203.jpg\" class=\"attachment-industry-box-thumb size-industry-box-thumb wp-post-image\" alt=\"\" decoding=\"async\" loading=\"lazy\" \/>\n\t\t\t\t\t\t<div class=\"project-item-overlay animation\"><\/div>\n\t\t\t\t\t\t<div class=\"project-caption animation\">\n\t\t\t\t\t\t\t<h6 class=\"animation\">Quartalsgeburtstag<\/h6>\n\t\t\t\t\t\t\t<a href=\"https:\/\/www.sz-goeggingen.de\/?project=quartalsgeburtstag\" class=\"btn\">ANSEHEN<\/a>\n\t\t\t\t\t\t<\/div>\n\t\t\t\t\t  <\/div><div class=\"project-item\">\n\t\t\t\t\t\t<img width=\"360\" height=\"203\" src=\"https:\/\/www.sz-goeggingen.de\/wp-content\/uploads\/2025\/04\/IMG-20250401-WA0002-360x203.jpg\" class=\"attachment-industry-box-thumb size-industry-box-thumb wp-post-image\" alt=\"\" decoding=\"async\" loading=\"lazy\" \/>\n\t\t\t\t\t\t<div class=\"project-item-overlay animation\"><\/div>\n\t\t\t\t\t\t<div class=\"project-caption animation\">\n\t\t\t\t\t\t\t<h6 class=\"animation\">Jubil\u00e4um Frau Wiens<\/h6>\n\t\t\t\t\t\t\t<a href=\"https:\/\/www.sz-goeggingen.de\/?project=jubilaeum-frau-wiens\" class=\"btn\">ANSEHEN<\/a>\n\t\t\t\t\t\t<\/div>\n\t\t\t\t\t  <\/div><div class=\"project-item\">\n\t\t\t\t\t\t<img width=\"360\" height=\"203\" src=\"https:\/\/www.sz-goeggingen.de\/wp-content\/uploads\/2025\/03\/IMG-20250313-WA0016-360x203.jpg\" class=\"attachment-industry-box-thumb size-industry-box-thumb wp-post-image\" alt=\"\" decoding=\"async\" loading=\"lazy\" \/>\n\t\t\t\t\t\t<div class=\"project-item-overlay animation\"><\/div>\n\t\t\t\t\t\t<div class=\"project-caption animation\">\n\t\t\t\t\t\t\t<h6 class=\"animation\">Seniorenfasching<\/h6>\n\t\t\t\t\t\t\t<a href=\"https:\/\/www.sz-goeggingen.de\/?project=seniorenfasching\" class=\"btn\">ANSEHEN<\/a>\n\t\t\t\t\t\t<\/div>\n\t\t\t\t\t  <\/div><\/div>[\/vc_column][\/vc_row]<\/p>\n","protected":false},"excerpt":{"rendered":"<p>[vc_row][vc_column][vc_column_text]Wie Sie unserem Veranstaltungskalender entnehmen k\u00f6nnen, bieten wir in unserer \u201eSeniorenzentrum G\u00f6ggingen\u201c \u00fcber das Jahr hinweg eine Vielzahl an Veranstaltungen an. Auf dieser Seite finden Sie Berichte \u00fcber unsere letzten Veranstaltungen, sodass Sie sich selbst ein Bild davon machen k\u00f6nnen. Unter dem Reiter \u201eBildergalerie\u201c finden Sie weitere Bilder zu den jeweiligen Veranstaltungen. Lassen Sie die [&hellip;]<\/p>\n","protected":false},"author":9,"featured_media":0,"parent":498,"menu_order":0,"comment_status":"closed","ping_status":"closed","template":"page-tpl_left_sidebar.php","meta":[],"_links":{"self":[{"href":"https:\/\/www.sz-goeggingen.de\/index.php?rest_route=\/wp\/v2\/pages\/1137"}],"collection":[{"href":"https:\/\/www.sz-goeggingen.de\/index.php?rest_route=\/wp\/v2\/pages"}],"about":[{"href":"https:\/\/www.sz-goeggingen.de\/index.php?rest_route=\/wp\/v2\/types\/page"}],"author":[{"embeddable":true,"href":"https:\/\/www.sz-goeggingen.de\/index.php?rest_route=\/wp\/v2\/users\/9"}],"replies":[{"embeddable":true,"href":"https:\/\/www.sz-goeggingen.de\/index.php?rest_route=%2Fwp%2Fv2%2Fcomments&post=1137"}],"version-history":[{"count":8,"href":"https:\/\/www.sz-goeggingen.de\/index.php?rest_route=\/wp\/v2\/pages\/1137\/revisions"}],"predecessor-version":[{"id":2647,"href":"https:\/\/www.sz-goeggingen.de\/index.php?rest_route=\/wp\/v2\/pages\/1137\/revisions\/2647"}],"up":[{"embeddable":true,"href":"https:\/\/www.sz-goeggingen.de\/index.php?rest_route=\/wp\/v2\/pages\/498"}],"wp:attachment":[{"href":"https:\/\/www.sz-goeggingen.de\/index.php?rest_route=%2Fwp%2Fv2%2Fmedia&parent=1137"}],"curies":[{"name":"wp","href":"https:\/\/api.w.org\/{rel}","templated":true}]}}