{"id":500,"date":"2016-04-13T12:03:48","date_gmt":"2016-04-13T12:03:48","guid":{"rendered":"https:\/\/www.sz-goeggingen.de\/?page_id=500"},"modified":"2018-05-29T09:31:03","modified_gmt":"2018-05-29T09:31:03","slug":"stellenangebote","status":"publish","type":"page","link":"https:\/\/www.sz-goeggingen.de\/?page_id=500","title":{"rendered":"Stellenangebote"},"content":{"rendered":"<p>[vc_row][vc_column width=&#8220;1\/3&#8243;]<div class=\"page-item top-media\">\n\t\t\t\t<a href=\"https:\/\/www.sz-goeggingen.de\/?page_id=745\" class=\"page-media\"><img width=\"360\" height=\"203\" src=\"https:\/\/www.sz-goeggingen.de\/wp-content\/uploads\/2018\/02\/at60-360x203.jpg\" class=\"attachment-industry-box-thumb size-industry-box-thumb wp-post-image\" alt=\"\" decoding=\"async\" loading=\"lazy\" \/><\/a>\n\t\t\t\t<div class=\"page-item-content\">\n\t\t\t\t\t<h5>Offene Stellen<\/h5>\n\t\t\t\t\t<p>Sie sind von unserem Unternehmen \u00fcberzeugt und m\u00f6chten gerne in der Pflegebranche t\u00e4tig sein? Dann schauen Sie sich unsere \u201eoffenen Stellen\" an und bewerben sich bei Interesse.<\/p>\n\t\t\t\t\t<a href=\"https:\/\/www.sz-goeggingen.de\/?page_id=745\" class=\"read-more header-font\">Weiterlesen<\/a>\n\t\t\t\t<\/div>\n\t\t\t<\/div>[vc_empty_space height=&#8220;50px&#8220;]<div class=\"page-item top-media\">\n\t\t\t\t<a href=\"https:\/\/www.sz-goeggingen.de\/?page_id=506\" class=\"page-media\"><img width=\"360\" height=\"203\" src=\"https:\/\/www.sz-goeggingen.de\/wp-content\/uploads\/2018\/02\/at37-e1519042420537-360x203.jpg\" class=\"attachment-industry-box-thumb size-industry-box-thumb wp-post-image\" alt=\"\" decoding=\"async\" loading=\"lazy\" \/><\/a>\n\t\t\t\t<div class=\"page-item-content\">\n\t\t\t\t\t<h5>FSJ \/ BFD<\/h5>\n\t\t\t\t\t<p>Sie haben Ihren Schulabschluss erfolgreich absolviert? Sie sind sozial engagiert und der Umgang mit \u00e4lteren und pflegebed\u00fcrftigen Menschen macht Ihnen Spa\u00df? Wir und unsere Bewohner freuen uns \u00fcber jede helfende Hand!<\/p>\n\t\t\t\t\t<a href=\"https:\/\/www.sz-goeggingen.de\/?page_id=506\" class=\"read-more header-font\">Weiterlesen<\/a>\n\t\t\t\t<\/div>\n\t\t\t<\/div>[\/vc_column][vc_column width=&#8220;1\/3&#8243;]<div class=\"page-item top-media\">\n\t\t\t\t<a href=\"https:\/\/www.sz-goeggingen.de\/?page_id=504\" class=\"page-media\"><img width=\"360\" height=\"203\" src=\"https:\/\/www.sz-goeggingen.de\/wp-content\/uploads\/2021\/12\/ARI1256-360x203.jpg\" class=\"attachment-industry-box-thumb size-industry-box-thumb wp-post-image\" alt=\"\" decoding=\"async\" loading=\"lazy\" \/><\/a>\n\t\t\t\t<div class=\"page-item-content\">\n\t\t\t\t\t<h5>Ausbildung<\/h5>\n\t\t\t\t\t<p>Eine Ausbildung zur Pflegefachkraft ist facettenreich, sehr gefragt und alles andere als langweilig! Weitere Informationen finden Sie hier.<\/p>\n\t\t\t\t\t<a href=\"https:\/\/www.sz-goeggingen.de\/?page_id=504\" class=\"read-more header-font\">Weiterlesen<\/a>\n\t\t\t\t<\/div>\n\t\t\t<\/div>[vc_empty_space height=&#8220;72px&#8220;]<div class=\"page-item top-media\">\n\t\t\t\t<a href=\"https:\/\/www.sz-goeggingen.de\/?page_id=502\" class=\"page-media\"><img width=\"360\" height=\"203\" src=\"https:\/\/www.sz-goeggingen.de\/wp-content\/uploads\/2018\/02\/at46-1-360x203.jpg\" class=\"attachment-industry-box-thumb size-industry-box-thumb wp-post-image\" alt=\"\" decoding=\"async\" loading=\"lazy\" \/><\/a>\n\t\t\t\t<div class=\"page-item-content\">\n\t\t\t\t\t<h5>Arbeitgeber<\/h5>\n\t\t\t\t\t<p>Unser gemeinsames Verst\u00e4ndnis \u201eDer Mensch steht im Mittelpunkt\" bestimmt unser t\u00e4gliches Handeln und tr\u00e4gt zum Erfolg des Tr\u00e4gers bei. Wir pflegen eine harmonische Arbeitsatmosph\u00e4re, die den bewohnerorientierten und wirtschaftlichen Zielen des Unternehmens entspricht: menschlich und qualit\u00e4tsorientiert.<\/p>\n\t\t\t\t\t<a href=\"https:\/\/www.sz-goeggingen.de\/?page_id=502\" class=\"read-more header-font\">Weiterlesen<\/a>\n\t\t\t\t<\/div>\n\t\t\t<\/div>[\/vc_column][vc_column width=&#8220;1\/3&#8243;]<div class=\"page-item top-media\">\n\t\t\t\t<a href=\"https:\/\/www.sz-goeggingen.de\/?page_id=1740\" class=\"page-media\"><img width=\"360\" height=\"203\" src=\"https:\/\/www.sz-goeggingen.de\/wp-content\/uploads\/2018\/02\/at26-e1519040914778-360x203.jpg\" class=\"attachment-industry-box-thumb size-industry-box-thumb wp-post-image\" alt=\"\" decoding=\"async\" loading=\"lazy\" \/><\/a>\n\t\t\t\t<div class=\"page-item-content\">\n\t\t\t\t\t<h5>Praktikum<\/h5>\n\t\t\t\t\t<p>Sie suchen f\u00fcr Schule, Studium oder einfach nur aus Interesse einen Praktikumsplatz? Sie sind sozial engagiert und der Umgang mit \u00e4lteren und pflegebed\u00fcrftigen Menschen macht Ihnen Spa\u00df? Wir und unsere Bewohner freuen uns \u00fcber jede helfende Hand!<\/p>\n\t\t\t\t\t<a href=\"https:\/\/www.sz-goeggingen.de\/?page_id=1740\" class=\"read-more header-font\">Weiterlesen<\/a>\n\t\t\t\t<\/div>\n\t\t\t<\/div>[vc_empty_space height=&#8220;1px&#8220;]<div class=\"page-item top-media\">\n\t\t\t\t<a href=\"https:\/\/www.sz-goeggingen.de\/?page_id=931\" class=\"page-media\"><img width=\"360\" height=\"203\" src=\"https:\/\/www.sz-goeggingen.de\/wp-content\/uploads\/2024\/05\/ipad-632394_1920-1024x680-1-360x203.jpg\" class=\"attachment-industry-box-thumb size-industry-box-thumb wp-post-image\" alt=\"\" decoding=\"async\" loading=\"lazy\" \/><\/a>\n\t\t\t\t<div class=\"page-item-content\">\n\t\t\t\t\t<h5>Weitere Einrichtungen<\/h5>\n\t\t\t\t\t<p>Neben unserer \u201ePflegeeinrichtung G\u00f6ggingen\u201c verf\u00fcgt unser Unternehmensverbund momentan \u00fcber neun weitere Pflegeeinrichtungen in den Bundesl\u00e4ndern Baden-W\u00fcrttemberg, Bayern und Rheinland-Pfalz.<\/p>\n\t\t\t\t\t<a href=\"https:\/\/www.sz-goeggingen.de\/?page_id=931\" class=\"read-more header-font\">Weiterlesen<\/a>\n\t\t\t\t<\/div>\n\t\t\t<\/div>[\/vc_column][\/vc_row]<\/p>\n","protected":false},"excerpt":{"rendered":"<p>[vc_row][vc_column width=&#8220;1\/3&#8243;][vc_empty_space height=&#8220;50px&#8220;][\/vc_column][vc_column width=&#8220;1\/3&#8243;][vc_empty_space height=&#8220;72px&#8220;][\/vc_column][vc_column width=&#8220;1\/3&#8243;][vc_empty_space height=&#8220;1px&#8220;][\/vc_column][\/vc_row]<\/p>\n","protected":false},"author":3,"featured_media":0,"parent":0,"menu_order":0,"comment_status":"closed","ping_status":"closed","template":"page-tpl_left_sidebar.php","meta":[],"_links":{"self":[{"href":"https:\/\/www.sz-goeggingen.de\/index.php?rest_route=\/wp\/v2\/pages\/500"}],"collection":[{"href":"https:\/\/www.sz-goeggingen.de\/index.php?rest_route=\/wp\/v2\/pages"}],"about":[{"href":"https:\/\/www.sz-goeggingen.de\/index.php?rest_route=\/wp\/v2\/types\/page"}],"author":[{"embeddable":true,"href":"https:\/\/www.sz-goeggingen.de\/index.php?rest_route=\/wp\/v2\/users\/3"}],"replies":[{"embeddable":true,"href":"https:\/\/www.sz-goeggingen.de\/index.php?rest_route=%2Fwp%2Fv2%2Fcomments&post=500"}],"version-history":[{"count":5,"href":"https:\/\/www.sz-goeggingen.de\/index.php?rest_route=\/wp\/v2\/pages\/500\/revisions"}],"predecessor-version":[{"id":1743,"href":"https:\/\/www.sz-goeggingen.de\/index.php?rest_route=\/wp\/v2\/pages\/500\/revisions\/1743"}],"wp:attachment":[{"href":"https:\/\/www.sz-goeggingen.de\/index.php?rest_route=%2Fwp%2Fv2%2Fmedia&parent=500"}],"curies":[{"name":"wp","href":"https:\/\/api.w.org\/{rel}","templated":true}]}}